e (17 - 17) + 6 + -4 + 14 + -1.
15
What is 3 + (-5 - -16) + (0 - 4 - 2)?
8
0 - (15 - (-18 - -7) - 13)
-13
-15 + -6 + 2 + 6
-13
Calculate 84 - 82 - (0 + -5).
7
Calculate 20 - 11 - 18 - 18.
-27
1 + 1 - (1 + 4 + 160 + -158)
-5
Calculate -18 + (8 - 19) + 0 + 13.
-16
What is the value of -2 + (2 - 12) - (-423 + 419)?
-8
What is the value of -36 + (12 + 19 - 8) + (8 - 0)?
-5
What is the value of (11 - 14) + (-12 - -4) + 3 - -3?
-5
Calculate -19 + -1 + 3 - -3.
-14
What is -6 - (-7 + 25 + -40)?
16
What is -2 + -1 + (7 - (0 - -4))?
0
What is the value of -1 - (6 + (-13 - (3 - (13 - 7))))?
3
Calculate 18 + -17 + 3 + 0 + -11.
-7
What is 125 + -138 + (2 - (0 - -1) - -4)?
-8
What is 42 - 17 - (36 + -2)?
-9
What is -5 + (3 + 6 - (-8 - -6))?
6
Evaluate 19 + -19 - (6 + (1 - 1)) - 4.
-10
What is -110 - -89 - (-20 + 4)?
-5
(-2 - -3) + 86 + -104 + -8
-25
(-53 - -55 - (-1 + 6) - -3) + -17
-17
Calculate (21 - -1) + (-199 - -174).
-3
What is the value of 13 - (8 - (5 - 0)) - 5?
5
Evaluate 0 + -7 + (2 + -43 - -52) - 25.
-21
What is (155 - 63 - 80) + (-1 - (0 + -1))?
12
Calculate 14 - 6 - ((18 - 5) + -7).
2
Evaluate 17 - (28 + -32 + 6).
15
Calculate 3 - (-10 - ((0 - 5) + 5 + 1)).
14
Evaluate -14 + 0 - (-1524 - -1507).
3
Calculate -2 + 1 - (-56 + 64) - 0.
-9
Evaluate (-14 - (5 + -8)) + 6.
-5
3 + (-88 - -64) + (2 - -1)
-18
40 + 0 + 451 + -476
15
Evaluate -9 + 7 - (11 - (-1 + 4)).
-10
What is -5 + (-19 - -18) + -13?
-19
What is 35 - (-18 - -41) - -16?
28
Calculate 1 - ((12 - 2) + (76 - 74)).
-11
What is -11 + 13 - -4 - (-3 - -7)?
2
-1 + 4 + -1 + 5 + -39 + 9
-23
Calculate -5 + 6 + 2 - (10 - 5) - 12.
-14
What is -21 + 18 + 3 + -5 + -7?
-12
(-321 + 330 - (-5 - -1)) + (-2 - 2)
9
Calculate 2 - 8 - -10 - (5 - 2 - -6).
-5
What is 9 + (0 - (8 - 17)) - 2?
16
What is the value of (-717 - -705) + (0 - -17)?
5
Calculate -2 + 0 + (9 + -4 - 0).
3
(28 + (-14 - -11) - 1) + (-3 - 0)
21
Calculate -1 - ((-11 - 8) + 9).
9
Evaluate (-12 - (-15 + 0 + 3) - -42) + -10.
32
What is the value of -1 - 3 - (2 - 10) - (1 - 3)?
6
What is -20 - (1 + 3 + -2 - 4)?
-18
Evaluate 12 + 2 - (-5 + (14 - -1)).
4
-34 + (-6 - (28 - 62))
-6
(-2 - 14 - 0) + (-120 - -122)
-14
What is the value of (-11 - (3 + -2 + 4)) + (12 - 11)?
-15
3 - (21 + -10) - (-5 - 3)
0
Calculate -12 + 5 + 4 - (5 - -5).
-13
What is (-2 - 2) + -8 + 19 + -4 + -3?
0
What is -10 + 0 - (-27 - -8) - -9?
18
Calculate -40 - ((-54 - -10) + 39).
-35
(-215 - -195) + 3 + 5 + 3
-9
What is -12 + 8 + (-6 - (-6 + -1))?
-3
Calculate 5 + 1 + -3 - (5 - (18 - 8)).
8
20 - (-4 + 8 + 5)
11
Calculate 0 + 4 + (16 - (12 - 10)).
18
Calculate -4 + (-4 - -13 - 3).
2
What is the value of 6 + 7 + (-8 - -6) - 31?
-20
What is the value of 1 - 1 - (-16 - 4 - -15)?
5
(-2 - -9) + 12 + -30
-11
Evaluate (25 - (19 + 18 - 18)) + 24.
30
Evaluate 4 + -13 + -494 + 532.
29
What is the value of -4 - (1 + 21 - 13) - 0?
-13
13 + -4 - (-7 + (2 - 0) + 36)
-22
What is 3 - (13 - (-7 + (0 - -15)))?
-2
Calculate -15 + (-13 - -34 - -31).
37
13 + (-150 - -126 - (-15 + 1))
3
What is the value of 10 - (-3 - ((-9 - -3) + -10))?
-3
Calculate 20 + -63 + 57 + -3 + 2 + 3.
16
Evaluate (12 - -5) + 11 + -11 - (2 + 0).
15
Evaluate -2 + (-1 - (-14 + 7) - 11) - 2.
-9
Evaluate 8 + 8 - (42 + -29).
3
What is 1 - (16 - 11) - (4 - 0)?
-8
Calculate 3 - -5 - (-49 - -28).
29
-7 + ((-6 - 5) + 21 - 2)
1
What is the value of 0 - (23 + -32 + (1 - -1))?
7
9 + -1 - (-26 + (30 - -14))
-10
What is (18 + -10 - 10 - 5) + -3?
-10
2 - (-10 + -1 - (-31 + -12 + 28))
-2
(2 - (2 - -11)) + (218 - 211)
-4
What is -19 + 9 + 9 + 2?
1
What is 6 - (3 - (-18 + 11))?
-4
13 - (7 + 3 + 0 - (125 - 120))
8
(-8 - -6) + (5 - -6 - 4)
5
What is -6 - (-18 + (5 - 17))?
24
What is the value of -5 + (-1 - -15) + -9?
0
What is (0 - (-1 + (-2 - (3 - 11)))) + 19?
14
What is the value of -11 - -23 - -9 - 20?
1
What is -3 - -11 - (1 - 5)?
12
What is (-8 - -1) + (9 - (1 - (22 + -2)))?
21
What is 1 + -7 - (15 - 32)?
11
-16 + 0 - (-98 - -69)
13
What is (9 - (1 - (-2 + -11)) - -8) + -24?
-21
(2 - 2) + -34 + 25 + 1 + -3
-11
(-1165 - -1167) + (-1 - 1) + 20
20
What is 3 + 28 - (93 - 86)?
24
What is the value of -1 - (0 + 7) - (-4 + 1 + 1)?
-6
What is the value of 7 - ((5 - 7) + 3 - -12)?
-6
What is -39 + 24 - (-5 - -1)?
-11
Evaluate (0 - -2) + -90 + 79 + (-1 - -21).
11
What is 6 + ((3 - 8) + 4 - 5) + 6?
6
Evaluate 10 - (-2 + 9 + 14).
-11
10 + (5 - -2) + (4 - 19)
2
What is the value of (-33 - -32) + (7 - 0) + -3?
3
What is the value of -53 + 52 + 14 + 1 + -29?
-15
Calculate (-34 - -18) + 10 + -5 + 0.
-11
Evaluate (1 - (-1 + (2 - 11))) + (556 - 532).
35
Calculate -5 + (15 + 1 + -2 - (-101 + 106)).
4
(-16 - 1 - (-127 - -118)) + -8 + -1
-17
What is the value of 5 - (5 - 6) - (12 - 4)?
-2
17 + (-21 + 16 - 15)
-3
Evaluate (-24 - 4) + 26 + 0 + 3.
1
Evaluate 26 + (-21 - (-7 + 1)) - (-1 - -31).
-19
What is the value of (-16 - -17 - (-2 + (3 - -3))) + -9?
-12
Calculate -3 + 2 - (-2 - 5 - 3).
9
(51 - 60) + (1 - (-8 + -2)) + -18
-16
What is the value of (-15 - -27 - 11) + (10 - -1)?
12
Calculate 4 - 1 - (-21 - (13 + -21)).
16
What is the value of -15 - ((-211 - -205) + 8 + 2 + -1)?
-18
0 - 8 - (266 + -269)
-5
Calculate -15 - -20 - ((32 - 7) + -7).
-13
Evaluate 0 + 5 + -13 - (-1 - -4).
-11
What is the value of (-2 - (16 + -3) - -13) + (-23 - -2)?
-23
Calculate -11 + -23 + 1 + -18 + 28.
-23
6 + 10 + (-34 - -5)
-13
What is the value of -14 + -20 + (12 - 19) + 14?
-27
What is the value of -4 + (-2 - (-2 + 4 + -12)) + -8?
-4
What is (0 - -5) + (20 + -2 - 26)?
-3
What is the value of -39 - (-33 + 43 + -20)?
-29
Evaluate -9 + -8 + 4 + 0 + 7.
-6
What is 102 + -89 + -5 + -16?
-8
What is (-15 - (-10 + 5)) + -38 + 36?
-12
Evaluate -1 + 0 + 5 + (16 - 22) + -6.
-8
Evaluate (-18 - (-2 - (11 + -9))) + (0 - -6).
-8
Evaluate (-14 + 6 - 0 - -16) + 10.
18
What is the value of -3 + -9 + -2 + 26 + 0 + -5?
7
What is the value of -27 + 6 + 60 + -5?
34
Evaluate 20 - 27 - 23 - -15.
-15
What is -1 + -17 + 6 + 25?
13
What is the value of -20 + (-24 - -68) + 5 + -21?
8
Calculate 32 + -15 + -21 + -15.
-19
(-1 - 12) + 0 + 2
-11
Calculate (26 - (4 - 3)) + (15 + -15 - -3).
28
What is (1 - (1 + 4)) + 0 + (43 - 36)?
3
What is the value of 30 - (45 + -26 - 14)?
25
What is the value of 336 + -317 - (-18 + 1)?
36
Evaluate -5 - (4 + -6) - (2 + -11) - -13.
19
What is the value of -18 + 1 - (-36 - (-23 + -11))?
-15
What is (14 - 15) + -26 + 9 + -27 + 10?
-35
What is the value of (-1 - 8) + (15 - (11 - (-18 + 17)))?
-6
What is the value of (-32 - 3 - -19) + (-1 - 7)?
-24
Calculate (-7 + 8 - -4) + -15.
-10
Evaluate -21 + 17 - (13 + -26).
9
What is the value of 24 - (-3 - -6) - 2?
19
(-2 - 2 - 21) + -184 + 176
-33
What is 26 + (-178 + 175 - (0 + 1 + 1))?
21
3 - (-32 - (-28 + 2))
9
Evaluate -16 + (0 - 15 - (63 + -71)).
-23
What is the value of -20 - (11 + -13 + -7)?
-11
What is the value of -13 - (10 + -21 + (16 - 22))?
4
What is the value of (1 - -13) + -8 + (8 + -9 - -10)?
15
Calculate -2 + -5 - (-6 + 7 + 1 + 2).
-11
What is -2 + 1 + (417 - 413)?
3
13 + (15 - 6 - 15)
7
Calculate (58 - 35 - 11) + 1 + 1 + -1.
13
Evaluate (-6 - (5 + -7) - -6) + (-7 - 5).
-10
What is the value of -4 + (11 - 1 - (17 + -14)) + -10?
-7
What is 794 + -779 + (-29 - 1)?
-15
What is 3 + 9 + -16 + 10?
6
What is -11 + -23 + -3 + 12 + 44?
19
Calculate 3 - (7 - 3) - -8 - (-106 - -112).
1
Calculate 22 + (2 - 1 - -1 - (-115 - -125)).
14
-2 + -11 + -8 - -17
-4
(-10 - -3) + ((9 - -4) + -15 - 8)
-17
Evaluate -21 + 17 - (-1 + -3 + 3) - -9.
6
What is the value of -19 - (-20 - (29 + -22))?
8
Calculate -39 + 3 - (-6 + -15).
-15
Evaluate 74 + -63 - (-1 - -16) - 8.
-12
What is the value of -15 - (15 + -22 + 5)?
-13
Calculate 0 + 1 - (4 - (-12 + 27)).
12
What is the value of 7 - 20 - ((5 - (-3 - 0)) + 1)?
-22
Calculate (1 + 3 - 9) + (-1 - (0 - 1)).
-5
Evaluate -1 - 23 - (2 + -2 + 5 + -6).
-23
What is -10 - -7 - (0 + 1 + 1)?
-5
Evaluate 4 - 0 - (-19 - -27).
-4
Calculate 25 + (10 - (1 - -22)) + -3.
9
-10 + -2 + 6 - 1 - (184 - 159)
-32
What is the value of (4 - 37) + -56 + 55?
-34
27 + 4 + -24 + 11
18
Calculate 9 - -1 - (3 + 7).
0
Evaluate -2 - (15 + (-9 - -7)).
-15
Evaluate (-32 - -16) + 1 - -10 - (-2 - 1).
-2
What is the value of -12 + 35 + (0 - 3) - (4 + 5)?
11
Evaluate 8 + (27 + -9 - 16).
10
What is the value of 4 + -7 + 23 - 18 - (6 - 1)?
-3
What is t